inder when 655 is divided by 8?
7
Calculate the remainder when 124 is divided by 107.
17
What is the remainder when 241 is divided by 61?
58
What is the remainder when 233 is divided by 3?
2
Calculate the remainder when 63 is divided by 16.
15
Calculate the remainder when 407 is divided by 74.
37
What is the remainder when 34028 is divided by 415?
413
What is the remainder when 4367 is divided by 190?
187
What is the remainder when 9459 is divided by 83?
80
What is the remainder when 2351 is divided by 56?
55
Calculate the remainder when 1363 is divided by 452.
7
Calculate the remainder when 250 is divided by 16.
10
What is the remainder when 49867 is divided by 10?
7
What is the remainder when 1146 is divided by 232?
218
Calculate the remainder when 7203 is divided by 64.
35
Calculate the remainder when 1908 is divided by 91.
88
Calculate the remainder when 734 is divided by 22.
8
What is the remainder when 464 is divided by 125?
89
What is the remainder when 17 is divided by 4?
1
What is the remainder when 611 is divided by 40?
11
Calculate the remainder when 446 is divided by 146.
8
What is the remainder when 2535 is divided by 77?
71
What is the remainder when 741 is divided by 22?
15
What is the remainder when 571 is divided by 9?
4
What is the remainder when 9070 is divided by 162?
160
What is the remainder when 70 is divided by 19?
13
What is the remainder when 24684 is divided by 13?
10
Calculate the remainder when 534 is divided by 90.
84
Calculate the remainder when 27 is divided by 15.
12
What is the remainder when 2954 is divided by 197?
196
Calculate the remainder when 2287 is divided by 153.
145
What is the remainder when 707 is divided by 14?
7
What is the remainder when 238 is divided by 20?
18
Calculate the remainder when 162 is divided by 31.
7
Calculate the remainder when 152 is divided by 14.
12
Calculate the remainder when 39 is divided by 2.
1
What is the remainder when 449 is divided by 226?
223
What is the remainder when 118 is divided by 60?
58
What is the remainder when 622 is divided by 42?
34
Calculate the remainder when 359 is divided by 15.
14
Calculate the remainder when 840 is divided by 207.
12
Calculate the remainder when 684 is divided by 90.
54
Calculate the remainder when 2342 is divided by 399.
347
What is the remainder when 1595 is divided by 136?
99
Calculate the remainder when 1031 is divided by 24.
23
Calculate the remainder when 132 is divided by 34.
30
Calculate the remainder when 651 is divided by 6.
3
What is the remainder when 1673 is divided by 12?
5
What is the remainder when 857 is divided by 41?
37
What is the remainder when 278 is divided by 42?
26
Calculate the remainder when 959 is divided by 64.
63
Calculate the remainder when 813 is divided by 32.
13
Calculate the remainder when 311 is divided by 83.
62
Calculate the remainder when 271 is divided by 130.
11
What is the remainder when 326 is divided by 15?
11
What is the remainder when 7447 is divided by 38?
37
What is the remainder when 92 is divided by 17?
7
What is the remainder when 81 is divided by 14?
11
What is the remainder when 643 is divided by 43?
41
Calculate the remainder when 109 is divided by 16.
13
Calculate the remainder when 187 is divided by 51.
34
Calculate the remainder when 244 is divided by 81.
1
Calculate the remainder when 62 is divided by 5.
2
Calculate the remainder when 204 is divided by 3.
0
What is the remainder when 1143 is divided by 1143?
0
Calculate the remainder when 167 is divided by 13.
11
Calculate the remainder when 467 is divided by 47.
44
Calculate the remainder when 408 is divided by 52.
44
What is the remainder when 249 is divided by 12?
9
What is the remainder when 238 is divided by 40?
38
Calculate the remainder when 2655 is divided by 14.
9
Calculate the remainder when 3119 is divided by 223.
220
What is the remainder when 519 is divided by 172?
3
Calculate the remainder when 561 is divided by 183.
12
Calculate the remainder when 94 is divided by 10.
4
Calculate the remainder when 299 is divided by 24.
11
What is the remainder when 875 is divided by 37?
24
Calculate the remainder when 212 is divided by 55.
47
What is the remainder when 1118 is divided by 19?
16
What is the remainder when 1824 is divided by 153?
141
What is the remainder when 2414 is divided by 98?
62
What is the remainder when 57 is divided by 37?
20
What is the remainder when 29828 is divided by 183?
182
Calculate the remainder when 428 is divided by 39.
38
Calculate the remainder when 367 is divided by 122.
1
What is the remainder when 130 is divided by 66?
64
What is the remainder when 1234 is divided by 244?
14
Calculate the remainder when 3177 is divided by 35.
27
What is the remainder when 594 is divided by 17?
16
Calculate the remainder when 586 is divided by 561.
25
Calculate the remainder when 720 is divided by 212.
84
Calculate the remainder when 1668 is divided by 24.
12
What is the remainder when 416 is divided by 22?
20
Calculate the remainder when 76 is divided by 53.
23
Calculate the remainder when 341 is divided by 261.
80
What is the remainder when 217 is divided by 26?
9
Calculate the remainder when 65 is divided by 34.
31
What is the remainder when 1071 is divided by 120?
111
What is the remainder when 774 is divided by 8?
6
Calculate the remainder when 18 is divided by 3.
0
What is the remainder when 129 is divided by 78?
51
Calculate the remainder when 772 is divided by 56.
44
What is the remainder when 25 is divided by 18?
7
What is the remainder when 359 is divided by 48?
23
What is the remainder when 6080 is divided by 39?
35
What is the remainder when 72 is divided by 25?
22
What is the remainder when 537 is divided by 7?
5
Calculate the remainder when 145 is divided by 17.
9
What is the remainder when 186 is divided by 106?
80
What is the remainder when 75 is divided by 26?
23
What is the remainder when 5599 is divided by 20?
19
Calculate the remainder when 14264 is divided by 19.
14
What is the remainder when 370 is divided by 17?
13
Calculate the remainder when 309 is divided by 87.
48
What is the remainder when 469 is divided by 28?
21
Calculate the remainder when 124 is divided by 20.
4
Calculate the remainder when 1466 is divided by 7.
3
What is the remainder when 7500 is divided by 183?
180
What is the remainder when 497 is divided by 14?
7
Calculate the remainder when 300 is divided by 297.
3
Calculate the remainder when 233 is divided by 65.
38
Calculate the remainder when 147 is divided by 9.
3
Calculate the remainder when 121 is divided by 25.
21
What is the remainder when 33 is divided by 25?
8
Calculate the remainder when 3193 is divided by 47.
44
What is the remainder when 279 is divided by 47?
44
Calculate the remainder when 1047 is divided by 995.
52
Calculate the remainder when 43 is divided by 24.
19
Calculate the remainder when 4110 is divided by 187.
183
Calculate the remainder when 43 is divided by 28.
15
What is the remainder when 172 is divided by 60?
52
Calculate the remainder when 233 is divided by 8.
1
Calculate the remainder when 1842 is divided by 265.
252
What is the remainder when 196 is divided by 45?
16
Calculate the remainder when 615 is divided by 191.
42
Calculate the remainder when 176 is divided by 101.
75
What is the remainder when 149 is divided by 30?
29
What is the remainder when 219 is divided by 75?
69
Calculate the remainder when 1256 is divided by 260.
216
What is the remainder when 4819 is divided by 71?
62
What is the remainder when 331 is divided by 119?
93
What is the remainder when 1637 is divided by 5?
2
Calculate the remainder when 541 is divided by 111.
97
What is the remainder when 802 is divided by 245?
67
What is the remainder when 553 is divided by 51?
43
Calculate the remainder when 388 is divided by 136.
116
What is the remainder when 15 is divided by 10?
5
What is the remainder when 831 is divided by 16?
15
What is the remainder when 20 is divided by 11?
9
What is the remainder when 339 is divided by 18?
15
Calculate the remainder when 55 is divided by 43.
12
Calculate the remainder when 66 is divided by 4.
2
Calculate the remainder when 1767 is divided by 30.
27
Calculate the remainder when 798 is divided by 40.
38
Calculate the remainder